3 - 10*n**2 - 12*n + 187. Determine h(-6).
-2477
Let a(z) = -3*z**2 + 354*z + 3556. What is a(127)?
127
Let x(o) = -2*o**3 + 217*o**2 + 477*o + 62. What is x(-2)?
-8
Let o(f) = 3*f**2 + 1331*f - 82. Calculate o(0).
-82
Let n(q) = 18*q**2 + 5159*q - 31032. What is n(6)?
570
Let g(q) = -13*q**2 - 284*q + 230. Give g(-23).
-115
Let r(y) = -8*y**3 + 5138*y**2 - 1297*y + 8344. Calculate r(642).
-2
Let n(z) = -24*z**2 - 748*z + 26. Calculate n(-32).
-614
Let u(v) = 11*v**2 - 1709*v - 24001. Give u(-14).
2081
Let v(f) = -2*f**3 - 13*f**2 - 79*f - 8. Calculate v(-7).
594
Let t(o) = -o**3 + 26*o**2 - 257*o + 8177. Determine t(28).
-587
Let t(x) = 2*x**3 - 2*x**2 - 1015*x - 64. Give t(-22).
2
Let i(v) = -242461*v + 1212294. Determine i(5).
-11
Let d(a) = 11748*a + 4487692. Give d(-382).
-44
Let q(u) = -3*u**3 + 330*u**2 - 6516*u - 2986. What is q(84)?
38
Let k(i) = -34450*i + 137828. What is k(4)?
28
Let m(x) = 5*x**3 + 10*x**2 - 19*x - 9. Calculate m(-3).
3
Let s(k) = -3600*k - 356400. Determine s(-99).
0
Let z(d) = -192*d - 4240. Calculate z(-22).
-16
Let p(l) = 49924*l - 499305. Give p(10).
-65
Let n(g) = -g**3 + 9*g**2 + 12*g + 117. Calculate n(11).
7
Let x(v) = 14*v**2 + 218*v - 35. What is x(-16)?
61
Let w(x) = -33*x**3 - 7*x**2 + 51*x - 65. Determine w(2).
-255
Let d(s) = -58*s**3 - 5*s**2 - 38*s + 77. Calculate d(2).
-483
Let q(u) = 39520*u - 79027. Calculate q(2).
13
Let o(i) = -17736*i - 7449117. Calculate o(-420).
3
Let o(m) = 3*m**2 - 23*m - 166. Give o(13).
42
Let z(d) = -12101*d - 5639061. Calculate z(-466).
5
Let i(z) = -z**2 + 306*z - 1232. Determine i(302).
-24
Let x(t) = -t**3 - 88*t**2 - 149*t + 714. What is x(-86)?
-1264
Let j(a) = a**2 - 740*a + 44459. Calculate j(66).
-25
Let z(o) = -396*o**2 + 771*o - 10. What is z(2)?
-52
Let u(c) = -2*c**3 - 38*c**2 + 1631*c + 31832. Calculate u(-20).
12
Let a(m) = 8584*m - 257457. Determine a(30).
63
Let h(f) = 6*f**3 - 55*f**2 + 4*f - 46. Give h(9).
-91
Let d(f) = -f**2 + 41*f + 231. Give d(43).
145
Let w(m) = m**3 + 39*m**2 - 27*m - 7990. Calculate w(-32).
42
Let r(u) = -3296*u - 23282. What is r(-7)?
-210
Let y(a) = a**2 - 1011*a + 73313. Determine y(79).
-315
Let m(l) = 7*l**2 + 219*l - 8431. Give m(23).
309
Let r(s) = s**3 - 19*s**2 - 1986*s + 45891. Give r(25).
-9
Let i(t) = -147793*t + 3103660. What is i(21)?
7
Let x(q) = 2*q**3 + 20*q**2 + 88*q + 672. Give x(-9).
42
Let o(i) = -27*i + 117. Calculate o(45).
-1098
Let m(u) = u**2 - 108*u + 1300. Give m(94).
-16
Let r(p) = -p**3 + 47*p**2 - 177*p - 420. What is r(43)?
-635
Let r(h) = h**3 + 48*h**2 - 31*h + 293. Calculate r(-49).
-589
Let b(i) = 4*i**3 - 249*i**2 + 407*i + 7867. Determine b(60).
-113
Let u(v) = -v**2 + 158*v + 39848. Calculate u(-134).
720
Let h(f) = -f**3 + 10*f**2 - 5*f + 1006. What is h(14)?
152
Let t(g) = 752*g - 119583. What is t(159)?
-15
Let g(a) = -194*a - 43281. What is g(-215)?
-1571
Let p(f) = -3723*f + 52471. Give p(14).
349
Let b(f) = -850*f + 151238. Determine b(175).
2488
Let z(a) = -20*a - 560. Calculate z(-234).
4120
Let w(i) = 41346*i + 454802. What is w(-11)?
-4
Let t(z) = 5676*z - 56555. Give t(10).
205
Let l(x) = -46*x**3 + 6*x**2 + 484*x - 997. Determine l(2).
-373
Let s(u) = -2268*u - 22882. What is s(-10)?
-202
Let t(c) = c**3 + 37*c**2 - 1094*c - 2019. Give t(-56).
-339
Let k(h) = 2*h**3 + 30*h**2 - 104*h + 16. Calculate k(-15).
1576
Let x(w) = 1951*w - 1500308. Give x(769).
11
Let w(g) = -g**3 + 32*g**2 + 75*g - 208. Calculate w(34).
30
Let c(u) = -126232*u - 378685. What is c(-3)?
11
Let p(a) = 6621*a + 2641877. Determine p(-399).
98
Let r(m) = 32*m**3 - 3536*m**2 + 1775*m - 1644. Determine r(110).
6
Let v(d) = 11*d**2 + 281*d - 49. Determine v(-28).
707
Let n(k) = -2*k**3 - 4*k**2 + 2699*k - 10793. Calculate n(4).
-189
Let m(w) = -w**2 + 35696*w + 1644128. Give m(-46).
-4
Let a(h) = -h**2 - 1885*h + 26579. Give a(14).
-7
Let p(c) = c**3 + 429*c**2 + 5977*c + 2374969. Calculate p(-428).
-3
Let n(y) = -326134*y - 978508. Determine n(-3).
-106
Let u(q) = -q**2 + 167*q - 3884. Give u(28).
8
Let d(p) = p**3 - 82*p**2 + 165*p - 7278. What is d(81)?
-474
Let b(m) = m**3 + 123*m**2 - 529*m - 11564. Calculate b(-8).
28
Let v(m) = 19573*m - 3620999. Determine v(185).
6
Let v(h) = 3*h**3 - 340*h**2 + 35*h + 8799. Determine v(113).
-15
Let j(q) = q**2 + 53*q + 290. What is j(-8)?
-70
Let p(k) = -2*k**2 - 288*k + 15177. Determine p(-187).
-905
Let j(r) = -94092*r + 940931. Determine j(10).
11
Let i(j) = 26*j**2 + 596*j - 1202. Give i(2).
94
Let h(t) = -t**2 - 1113*t - 22881. What is h(-21)?
51
Let s(j) = 478101*j - 956186. What is s(2)?
16
Let n(g) = 2*g**2 + 523*g - 213. Determine n(-262).
49
Let c(g) = 41*g**2 - 231*g - 797. Calculate c(8).
-21
Let y(c) = -10*c**2 - 51*c + 234. Determine y(-10).
-256
Let b(d) = -10050*d + 30133. Calculate b(3).
-17
Let c(w) = -w**2 - 548*w - 71712. Determine c(-216).
0
Let a(w) = -13*w**2 + 257*w + 176. Determine a(21).
-160
Let d(x) = -622*x**2 + 5083*x - 249. Calculate d(8).
607
Let r(q) = 4*q**3 - 468*q**2 + 917*q + 354. Determine r(115).
9
Let w(t) = -1719*t + 127189. What is w(74)?
-17
Let u(h) = 47*h**3 - 3*h**2 + 232*h - 682. What is u(3)?
1256
Let c(v) = 28*v**2 + 580*v - 7441. What is c(9)?
47
Let b(h) = -31*h**3 + 45*h**2 + 196*h + 152. What is b(-1)?
32
Let r(w) = w**3 - 111*w**2 + 1429*w - 387. Determine r(96).
-1443
Let z(p) = -101*p**2 - 896*p + 143. Give z(-9).
26
Let q(i) = -3*i**3 - 49*i**2 - 52*i - 571. Determine q(-16).
5
Let l(b) = -3716*b + 200673. What is l(54)?
9
Let c(m) = -m**3 - 682*m**2 - 9377*m - 8845. Give c(-13).
-5
Let y(z) = -5*z**2 + 217*z - 479. What is y(41)?
13
Let u(n) = 1999*n + 48297. What is u(-24)?
321
Let a(l) = 59*l**2 - 4137*l + 3. Determine a(69).
-4551
Let g(s) = 400*s + 4404. Calculate g(-9).
804
Let t(i) = -i**2 - 44*i + 1633. Determine t(-68).
1
Let m(p) = -12*p**2 + 1387*p + 423. Determine m(116).
-157
Let d(j) = j**3 - 10*j**2 + 455*j - 4084. Give d(9).
-70
Let i(q) = 67*q + 1094. Determine i(-29).
-849
Let p(v) = -3*v**3 - 161*v**2 + 592*v + 1267. Determine p(-57).
13
Let f(z) = 2*z**2 + 411*z + 3713. Calculate f(-10).
-197
Let z(n) = -4*n**2 + 3463*n - 149895. Give z(820).
165
Let z(l) = -626*l + 20434. What is z(35)?
-1476
Let d(j) = -3799*j**2 - 53184*j + 1. Calculate d(-14).
-27
Let b(h) = 33*h**3 - 454*h**2 - 120*h - 4. Calculate b(14).
-116
Let d(i) = -i**3 + 27*i**2 - 307*i + 8540. Calculate d(28).
-840
Let s(j) = -j**3 + 144*j**2 + 1690*j + 28386. Calculate s(156).
-6
Let v(w) = 10*w**2 + 1717*w - 9386. What is v(-177)?
-5
Let z(h) = -h**3 + 472*h**2 - 8606*h - 393. Calculate z(453).
60
Let g(v) = v**2 + 1108*v + 282643. What is g(-398)?
63
Let m(r) = r**3 + 372*r**2 - 1681*r - 66237. Give m(-376).
315
Let p(g) = 2598*g - 909349. What is p(350)?
-49
Let z(f) = f**3 - 24*f**2 - 43422*f + 1084929. Calculate z(25).
4
Let x(d) = -3*d**3 + 343*d**2 - 140*d - 20. Give x(114).
-2984
Let h(j) = -j**3 - 12*j**2 + j - 417. Determine h(-13).
-261
Let l(i) = 620023*i + 1860180. Give l(-3).
111
Let m(g) = -g**3 + 14*g**2 + 116*g - 2. Determine m(-7).
215
Let z(n) = -n**3 + 261*n**2 + 1355*n + 139625. Give z(268).
-3
Let z(s) = 3087*s + 6144. Give z(-2).
-30
Let o(v) = 22*v**2 + 1309*v - 6358. Calculate o(-64).
-22
Let x(z) = 8*z**2 - 2418*z - 9692. What is x(-4)?
108
Let x(r) = -3*r**2 - 9481*r - 28415. What is x(-3)?
1
Let n(a) = a**3 - 40*a**2 - 133*a + 2046. What is n(42)?
-12
Let t(b) = 12*b**2 - 15191*b + 195395. Determine t(13).
-60
Let q(n) = 2591980*n + 7775935. Determine q(-3).
-5
Let t(a) = -21185*a + 360143. What is t(17)?
-2
Let g(m) = 2*m**2 - 59*m - 3483. Give g(59).
-2
Let u(b) = 3944*b + 142080. Calculate u(-36).
96
Let x(w) = -7*w**3 + 192*w**2 + 91*w + 586. Determine x(28).
-2
Let y(p) = -2*p**2 + 10782*p + 172758. Calculate y(-16).
-266
Let k(m) = -9*m**2 + 4158*m - 277768. What is k(381)?
-19
Let h(w) = -1152*w + 2143. What is h(3)?
-1313
Let b(r) = 6*r**3 + 7403*r**2 + 6120*r - 55489. Determine b(-1233).
-4
Let o(b) = -1501*b - 2372. What is o(-2)?
630
Let u(o) = 535*o + 34711. Give u(-65).
-64
Let t(f) = -f**2 - 120757*f - 241505. Determine t(-2).
5
Let p(h) = h**3 - 17*h**2 - 218*h + 316. What is p(-7)?
666
Let p(t) = 34*t**3 - 1416*t - 1414. Calculate p(-1).
-32
Let l(i) = 2991*i + 44874. Determine